29 = -52, 39 = m - 4*k. Let t = m - -16. What is the greatest common factor of a and t?
13
Let s = -4060 - -4108. What is the highest common divisor of 6 and s?
6
Let k = -170 + 168. Let v(m) = -m**2 - 3*m - 1. Let p be v(k). Calculate the highest common divisor of p and 9.
1
Suppose -4*i = -5*w + 39, 5*i - 5*w + 39 = -2*w. Let d be (i + 7)/(-1)*-200. What is the greatest common factor of d and 50?
50
Suppose -2 = -41*h + 162. Let d be 6/((0 - 8 - -5) + h). Calculate the highest common factor of d and 10.
2
Let i = 912 - 888. Let h(r) = -2*r**3 + 48*r**2 + 2*r - 30. Let x be h(i). Suppose m = 2*m - 180. Calculate the greatest common factor of x and m.
18
Let d(a) = -9*a - 2. Let g = 268 + -273. Let l be d(g). Calculate the highest common divisor of 258 and l.
43
Suppose -2*k = -4004 - 32452. Let m be (-2)/(-5) - (k/(-35))/3. Suppose 10*t - m = 4*t. What is the greatest common factor of t and 203?
29
Let j = -200311 + 200459. Suppose 4*m - 350 = -2*t, 2*t - 3*t = -5*m - 210. Calculate the greatest common divisor of j and t.
37
Let c(u) = 3126*u**2 + 268*u - 11. Let p be c(-3). Calculate the highest common divisor of 17 and p.
17
Let f(c) = c + 1. Let a be f(-8). Let d be (-520)/(-70) + (-4)/a. Let y(p) = 2*p - 5. Let u be y(d). What is the highest common factor of u and 77?
11
Suppose -12211*a + 50 = -12199*a - 430. Calculate the highest common divisor of 865 and a.
5
Let x = 1111 - 352. What is the greatest common divisor of x and 9?
3
Let q be ((-7)/(-7) - 7)*(-1 + -1). Let h(t) = -2*t + 68. Let a be h(q). Calculate the greatest common factor of 8 and a.
4
Suppose -121*i - 275 = -126*i. Let h = 5 - -64. Suppose -k - i = -h. Calculate the highest common factor of 21 and k.
7
Let o(z) = 2*z**2 - 18*z + 14. Let l be o(10). Let d = 30 + l. What is the highest common factor of 448 and d?
64
Let m = -50 + 120. Let t = 142 - m. Suppose -3 - 21 = -3*c. Calculate the highest common divisor of t and c.
8
Suppose 307 = 5*w - v, 2*v = 4*w + v - 245. Let l = 217 - 62. What is the greatest common divisor of l and w?
31
Let c = 3081 - 3072. What is the greatest common divisor of 549 and c?
9
Let y(c) = 34532*c + 1698. Let h be y(1). Calculate the highest common factor of 5 and h.
5
Let c = 6522 - 5568. What is the greatest common divisor of 36 and c?
18
Let d be 1570/15 + (-1)/(-3). Let z(h) = 39*h**2 + 7*h - 7. Let c be z(3). Suppose -c = -34*n + 145. Calculate the greatest common divisor of d and n.
15
Let y = -427 - -597. Calculate the highest common divisor of 459 and y.
17
Suppose -20 = -5*k, 6*d + 2*k + 4282 = 11*d. Suppose 80*b - 69*b = d. Let a be (-440)/(-70) - 2/7. What is the greatest common factor of a and b?
6
Let b(z) = -z + 2. Let i be b(2). Suppose i*a - 5*a + 525 = 0. Let g be (-670)/(-16) - 0/1 - (1125/72)/(-125). Calculate the highest common divisor of a and g.
21
Let t(m) = 2*m**2 - 9*m - 9. Let y be t(9). Let n be 9/81*3*(0 + y). What is the highest common divisor of n and 16?
8
Let u(i) = 49*i - 6. Let r be u(6). Let f be (-18 - 9)*(9 + 62/(-6)). Calculate the highest common divisor of r and f.
36
Suppose 12 = -6*f + 84. Let g(m) = -2*m + 27. Let z be g(f). Suppose -z*w = 3*w - 96. What is the greatest common factor of 4 and w?
4
Let k = -29961 - -30132. Calculate the highest common factor of k and 2109.
57
Suppose -3*m = -57*j + 53*j - 3287, m - 1112 = -j. Suppose -4*o + 17 + 35 = 0. Calculate the greatest common divisor of m and o.
13
Let i(j) = -j**3 + 4*j**2 + 3*j - 5. Let q be i(4). Suppose 17*p + 21*p = -190. Let d be 2/p + (-8568)/(-595). Calculate the greatest common factor of q and d.
7
Suppose -35*g - 6409 + 155314 = 100*g. Calculate the greatest common divisor of 2 and g.
1
Let y(f) = 3*f**2 - 9*f + 96. Let r be y(10). What is the highest common divisor of r and 198?
18
Let v be 1/(-1)*-1 + 0. Let a(r) = 46*r - 165. Let j be a(4). Let f be v*(-5 + j)*13. What is the highest common factor of 26 and f?
26
Let z(m) = -16*m - 1029. Let g be z(-68). Calculate the highest common divisor of 14337 and g.
59
Suppose 3*x + x - 96 = 0. Let n be (2/(-3))/(42/(-189))*1. Suppose 4*k = -4*l - 12 + 72, -n*l + 5*k = -53. What is the highest common factor of x and l?
8
Let s be 0*(2 - ((-4)/12 - -2)). Suppose -t + q + 0 = 16, -2*t - 2*q - 36 = s. Let g = 33 + t. What is the greatest common divisor of g and 24?
8
Let a(v) = -188 - v**3 + 219 - 28*v + 0*v**3 - 95 - 21*v**2. Let p be a(-20). Calculate the highest common factor of p and 72.
24
Let s = -3484 + 3491. Calculate the greatest common factor of 13979 and s.
7
Suppose -5*r = -30 - 40. Suppose 1 = 15*m - r*m. Let o be (m - 40)*(-77)/21. Calculate the greatest common divisor of o and 13.
13
Let f be ((-63)/(-189))/(1/330). Let c be 284/14 + (-2)/7. What is the highest common divisor of f and c?
10
Let k be (0 + 7 + -4)/((-6)/(-4)). Suppose k*m = -4*a + 1114, 0 = 3*a - 0*a + 4*m - 828. Calculate the highest common divisor of 80 and a.
40
Let b(c) = -8*c + 38. Let f be b(-11). Suppose -22*q + 21*q = -5*h + 136, 0 = -3*h + 5*q + 64. What is the highest common factor of f and h?
14
Let h = 4896 + -4864. What is the highest common divisor of h and 1312?
32
Suppose -98*p - 113*p + 168*p = -7224. What is the highest common factor of p and 2163?
21
Let r(o) = -14*o**3 - 30*o**2 + 3*o - 1. Let f be r(-3). What is the highest common factor of f and 4851?
49
Let v = 13769 - 12141. Calculate the highest common divisor of 33 and v.
11
Suppose 430 = 2*o + 2*o - 5*t, 2*t = -3*o + 311. Calculate the greatest common divisor of o and 3318.
21
Let z be (-5 + -1)*10/(-3). Let v be (63/(-12) + 3)/((-8)/96). Let h = v - z. What is the greatest common factor of 77 and h?
7
Let c(l) = l - 1. Let b be c(1). Suppose b = -2*h + 15 + 1. Let y be 0 - -2 - 0/(-7) - 0. Calculate the greatest common factor of y and h.
2
Let t be (53 - 77)*114/(-9). Let d be 21 - (3 - 3 - (-1 - 1)). Calculate the greatest common divisor of t and d.
19
Let o be (-3)/((-9)/372*4). Suppose -16*c - 682 = -18*c. What is the greatest common divisor of o and c?
31
Let t be 188 - (6 + -5)*-2. Let d be t/45 - 4/18. What is the greatest common divisor of d and 4?
4
Let f = 6002 + -3831. What is the highest common divisor of 13 and f?
13
Let t = 21 - 11. Let s(d) = -d + 13. Let x be s(t). Suppose 3*i = x*z + 222, -57 - 316 = -5*i + 2*z. What is the highest common divisor of 25 and i?
25
Let i be -22*3/6*-5. Let o = 10318 + -10278. Calculate the highest common divisor of i and o.
5
Let n be (-27)/(-72) - (1448/(-64) + -8). Calculate the greatest common divisor of 21793 and n.
31
Let q(y) = 1067*y - 5265. Let w be q(5). Calculate the highest common factor of w and 590.
10
Let w = -4743 - -4744. Let p(r) = 11*r**2 - 5*r - 6. Let x be p(-2). What is the highest common factor of x and w?
1
Let g(n) = 2*n**3 + 31*n**2 - 3*n - 72. Let h be g(-15). Calculate the greatest common divisor of h and 576.
18
Suppose 2*x - 34 - 84 = 0. Let h = x - 15. Suppose -5*n + h = -16. Calculate the greatest common divisor of n and 48.
12
Let u(p) = 2*p**3 - 43*p**2 - 22*p + 1. Let b be u(22). Calculate the greatest common divisor of b and 12.
1
Let p be (100/250)/(2/10) + (86 - -8). Calculate the highest common divisor of 14176 and p.
32
Suppose -2*d = 3*v - 952, v - 16*d - 320 = -14*d. What is the greatest common divisor of 6 and v?
6
Let f = 20 + -7. Suppose 2*p = 19 - f, 2*c - 56 = -2*p. Calculate the highest common divisor of 25 and c.
25
Suppose -16*x + 49 = -47. Let o be 585/5*(-2)/(-3). Calculate the highest common divisor of o and x.
6
Let n(u) = 76*u + 182. Let b be n(-14). Let z be (1*(-2)/3)/(4/b). What is the highest common factor of z and 63?
21
Suppose -7 = -3*r + 8. Suppose o + r*n = 4*n + 3, -n = -3*o + 13. Suppose 2*b - 4*q = 4, 4*b - 23 = -13*q + 18*q. What is the highest common divisor of b and o?
4
Let s be (-1 - 16 - 27)*(-2)/8. Let g(b) = -21*b + 4. Let l be g(-15). What is the highest common factor of s and l?
11
Let w(m) be the second derivative of -5*m**5/2 - 2*m**4/3 - 5*m**3/3 - m**2 - 2*m - 27. Let u be w(-1). Calculate the greatest common factor of 275 and u.
25
Let i(c) = 291*c - 454. Let j be i(2). What is the greatest common factor of 1408 and j?
128
Suppose -403 = -2*t + 365. Let p = 6166 + -6142. What is the greatest common divisor of 